{"id":513,"date":"2021-02-08T10:15:58","date_gmt":"2021-02-08T09:15:58","guid":{"rendered":"http:\/\/www.dpmtv.com\/?page_id=513"},"modified":"2021-02-08T14:58:46","modified_gmt":"2021-02-08T13:58:46","slug":"greece-unlocked-fr","status":"publish","type":"page","link":"https:\/\/www.argyxgames.com\/legacy\/hellas\/dpmtv\/fr\/greece-unlocked-fr\/","title":{"rendered":"Greece Unlocked"},"content":{"rendered":"<p><img loading=\"lazy\" decoding=\"async\" class=\"alignnone size-full wp-image-542\" src=\"http:\/\/www.argyxgames.com\/legacy\/hellas\/dpmtv\/wp-content\/uploads\/2021\/02\/Greece_Unlocked-1.jpg\" alt=\"\" width=\"960\" height=\"226\" srcset=\"https:\/\/www.argyxgames.com\/legacy\/hellas\/dpmtv\/wp-content\/uploads\/2021\/02\/Greece_Unlocked-1.jpg 960w, https:\/\/www.argyxgames.com\/legacy\/hellas\/dpmtv\/wp-content\/uploads\/2021\/02\/Greece_Unlocked-1-300x71.jpg 300w, https:\/\/www.argyxgames.com\/legacy\/hellas\/dpmtv\/wp-content\/uploads\/2021\/02\/Greece_Unlocked-1-768x181.jpg 768w\" sizes=\"auto, (max-width: 960px) 100vw, 960px\" \/><\/p>\n<p style=\"text-align: center;\">D\u00e9couvrez notre nouveau tour \u00ab\u00a0Greece Unlocked\u00a0\u00bb d\u00e9di\u00e9 \u00e0 la culture et au patrimoine des \u00eeles grecques.<\/p>\n<p><img loading=\"lazy\" decoding=\"async\" class=\"alignnone wp-image-519 size-full aligncenter\" src=\"http:\/\/www.argyxgames.com\/legacy\/hellas\/dpmtv\/wp-content\/uploads\/2021\/02\/cartespostales.png\" alt=\"\" width=\"960\" height=\"540\" srcset=\"https:\/\/www.argyxgames.com\/legacy\/hellas\/dpmtv\/wp-content\/uploads\/2021\/02\/cartespostales.png 960w, https:\/\/www.argyxgames.com\/legacy\/hellas\/dpmtv\/wp-content\/uploads\/2021\/02\/cartespostales-300x169.png 300w, https:\/\/www.argyxgames.com\/legacy\/hellas\/dpmtv\/wp-content\/uploads\/2021\/02\/cartespostales-768x432.png 768w, https:\/\/www.argyxgames.com\/legacy\/hellas\/dpmtv\/wp-content\/uploads\/2021\/02\/cartespostales-800x450.png 800w\" sizes=\"auto, (max-width: 960px) 100vw, 960px\" \/><\/p>\n<p><img loading=\"lazy\" decoding=\"async\" class=\"size-medium wp-image-526 aligncenter\" src=\"http:\/\/www.argyxgames.com\/legacy\/hellas\/dpmtv\/wp-content\/uploads\/2021\/02\/greeceunlocked-1-300x121.png\" alt=\"\" width=\"300\" height=\"121\" srcset=\"https:\/\/www.argyxgames.com\/legacy\/hellas\/dpmtv\/wp-content\/uploads\/2021\/02\/greeceunlocked-1-300x121.png 300w, https:\/\/www.argyxgames.com\/legacy\/hellas\/dpmtv\/wp-content\/uploads\/2021\/02\/greeceunlocked-1-1024x412.png 1024w, https:\/\/www.argyxgames.com\/legacy\/hellas\/dpmtv\/wp-content\/uploads\/2021\/02\/greeceunlocked-1-768x309.png 768w, https:\/\/www.argyxgames.com\/legacy\/hellas\/dpmtv\/wp-content\/uploads\/2021\/02\/greeceunlocked-1.png 1413w\" sizes=\"auto, (max-width: 300px) 100vw, 300px\" \/><\/p>\n","protected":false},"excerpt":{"rendered":"<p>D\u00e9couvrez notre nouveau tour \u00ab\u00a0Greece Unlocked\u00a0\u00bb d\u00e9di\u00e9 \u00e0 la culture et au patrimoine des \u00eeles grecques.<\/p>\n","protected":false},"author":1,"featured_media":0,"parent":0,"menu_order":0,"comment_status":"closed","ping_status":"closed","template":"","meta":{"footnotes":""},"class_list":["post-513","page","type-page","status-publish","hentry"],"_links":{"self":[{"href":"https:\/\/www.argyxgames.com\/legacy\/hellas\/dpmtv\/wp-json\/wp\/v2\/pages\/513","targetHints":{"allow":["GET"]}}],"collection":[{"href":"https:\/\/www.argyxgames.com\/legacy\/hellas\/dpmtv\/wp-json\/wp\/v2\/pages"}],"about":[{"href":"https:\/\/www.argyxgames.com\/legacy\/hellas\/dpmtv\/wp-json\/wp\/v2\/types\/page"}],"author":[{"embeddable":true,"href":"https:\/\/www.argyxgames.com\/legacy\/hellas\/dpmtv\/wp-json\/wp\/v2\/users\/1"}],"replies":[{"embeddable":true,"href":"https:\/\/www.argyxgames.com\/legacy\/hellas\/dpmtv\/wp-json\/wp\/v2\/comments?post=513"}],"version-history":[{"count":8,"href":"https:\/\/www.argyxgames.com\/legacy\/hellas\/dpmtv\/wp-json\/wp\/v2\/pages\/513\/revisions"}],"predecessor-version":[{"id":543,"href":"https:\/\/www.argyxgames.com\/legacy\/hellas\/dpmtv\/wp-json\/wp\/v2\/pages\/513\/revisions\/543"}],"wp:attachment":[{"href":"https:\/\/www.argyxgames.com\/legacy\/hellas\/dpmtv\/wp-json\/wp\/v2\/media?parent=513"}],"curies":[{"name":"wp","href":"https:\/\/api.w.org\/{rel}","templated":true}]}}